0799863 a prime number?
True
Is 210993059 a prime number?
True
Is 937729607 composite?
False
Is 3997434011 prime?
True
Is 6371530601 a composite number?
False
Is 1455239623 a composite number?
True
Is 32987670871 a prime number?
False
Is 5830885219 composite?
False
Is 665730209 composite?
True
Is 1529669677 a composite number?
False
Is 9792516667 composite?
False
Is 13965768961 prime?
True
Is 1612997117 a composite number?
False
Is 1390183403 composite?
True
Is 19853523463 prime?
True
Is 11485337959 a composite number?
False
Is 52068034303 a composite number?
False
Is 42385239493 a composite number?
False
Is 117815484979 composite?
False
Is 3350895577 a composite number?
False
Is 209997313 a composite number?
False
Is 4317675169 a composite number?
False
Is 11137673159 prime?
False
Is 3069728723 prime?
False
Is 21138066949 prime?
True
Is 1839816443 prime?
False
Is 5347705457 prime?
True
Is 274335857879 prime?
True
Is 671373791 a composite number?
True
Is 4125011573 composite?
False
Is 2340618317 composite?
True
Is 28192207895 prime?
False
Is 12204026783 a prime number?
False
Is 36636663719 a prime number?
False
Is 221171521 composite?
True
Is 1800795131 composite?
False
Is 50213352743 a prime number?
True
Is 2179598263 a prime number?
False
Is 204956441 prime?
False
Is 1279603219 a prime number?
False
Is 6107167903 a prime number?
True
Is 4988339927 a composite number?
True
Is 6683054827 composite?
False
Is 30175024443 a composite number?
True
Is 16979040374 prime?
False
Is 1928395427 prime?
False
Is 37684792735 a composite number?
True
Is 3045896643 a prime number?
False
Is 114403522391 a prime number?
True
Is 25457746409 a composite number?
True
Is 105228131 composite?
False
Is 21915665153 a composite number?
False
Is 43931663569 a prime number?
False
Is 3739459193 a prime number?
False
Is 3676579603 a prime number?
False
Is 111996056209 prime?
True
Is 18632840419 prime?
False
Is 162292043 composite?
False
Is 794247991 a prime number?
True
Is 810203707 a prime number?
False
Is 1762008067 composite?
False
Is 1189416047 composite?
False
Is 1832008709 prime?
False
Is 4363932509 a composite number?
False
Is 34889295979 prime?
False
Is 2012776213 a composite number?
True
Is 29154709141 a prime number?
False
Is 31179378917 prime?
False
Is 77470759 composite?
True
Is 2438895433 a composite number?
True
Is 2314215907 a composite number?
True
Is 21094247423 prime?
True
Is 4225067153 prime?
True
Is 64538971085 a prime number?
False
Is 931690211 composite?
False
Is 2129437501 composite?
True
Is 9554548274 composite?
True
Is 21240351861 a composite number?
True
Is 102896159 prime?
False
Is 645533309 composite?
True
Is 434123531393 a prime number?
False
Is 2871110003 composite?
False
Is 1022394941 composite?
True
Is 1146037429 a composite number?
False
Is 15654273839 prime?
False
Is 7866525773 a prime number?
False
Is 13492123921 a composite number?
True
Is 749443291 a composite number?
False
Is 4479667607 a prime number?
False
Is 273115321 a composite number?
False
Is 38343827299 a composite number?
True
Is 2565058739 composite?
True
Is 13990791151 prime?
False
Is 1947727843 composite?
True
Is 2188483618 prime?
False
Is 32184247021 a prime number?
False
Is 972850889 prime?
True
Is 5243404457 a prime number?
False
Is 2119774103 a prime number?
True
Is 19419101927 prime?
True
Is 21514018283 a prime number?
True
Is 58754937811 prime?
False
Is 25745638034 prime?
False
Is 1103894917 prime?
True
Is 2177132171 composite?
True
Is 19827535361 prime?
False
Is 1157654863 prime?
False
Is 15549433573 prime?
True
Is 167203519 a composite number?
True
Is 3997913827 prime?
True
Is 8238257971 composite?
True
Is 10180139117 prime?
True
Is 518637193 composite?
False
Is 395564341 composite?
True
Is 81075997 composite?
True
Is 149171717 a prime number?
False
Is 374615643 prime?
False
Is 11586803419 prime?
True
Is 113741878883 a composite number?
True
Is 24314149337 prime?
False
Is 28559228353 a prime number?
False
Is 482326721755 prime?
False
Is 28572759823 a prime number?
False
Is 50938357637 prime?
False
Is 1875537571 a prime number?
False
Is 244508743 prime?
False
Is 16555349543 prime?
True
Is 23794949167 a prime number?
False
Is 1699673 a prime number?
False
Is 1139095547 composite?
False
Is 1018673759 composite?
False
Is 18209430706 a composite number?
True
Is 579822487 a composite number?
True
Is 429434126015 prime?
False
Is 3661347941 a prime number?
False
Is 193543703 prime?
True
Is 4003427917 composite?
True
Is 1161426821 composite?
False
Is 393693163 a composite number?
False
Is 15912818149 composite?
True
Is 4943669 prime?
False
Is 47841320819 composite?
False
Is 80401092347 composite?
False
Is 116944987 a prime number?
False
Is 1632632369 a prime number?
False
Is 334159591 a prime number?
True
Is 343882853 a prime number?
False
Is 446462119 a prime number?
False
Is 7006083941 a composite number?
False
Is 1150262213 prime?
True
Is 2189929009 composite?
True
Is 1472461502 prime?
False
Is 57702945379 composite?
False
Is 9492294821 a composite number?
False
Is 5918462023 a composite number?
False
Is 148148521 a prime number?
True
Is 22767575879 a prime number?
False
Is 14561424445 a prime number?
False
Is 2861436397 composite?
True
Is 7604206081 prime?
False
Is 224483923 prime?
False
Is 888554479 prime?
True
Is 13307995463 a composite number?
True
Is 1138924133 composite?
False
Is 1051631303 composite?
False
Is 148443273307 a composite number?
True
Is 40396156597 composite?
False
Is 30933634379 a prime number?
False
Is 732832333 a prime number?
False
Is 1258321213 composite?
True
Is 3438650207 composite?
True
Is 1800840493 composite?
True
Is 65834164013 a prime number?
False
Is 40345367 a composite number?
False
Is 43947811969 a composite number?
False
Is 164076861187 a composite number?
True
Is 18200673919 a composite number?
False
Is 61290031007 a composite number?
False
Is 3638053999 composite?
False
Is 7510359566 a composite number?
True
Is 11007504719 prime?
False
Is 44383790397 composite?
True
Is 215978561 a prime number?
False
Is 2195763949 prime?
True
Is 75492688399 a composite number?
True
Is 42016921 a composite number?
True
Is 4112151311 a composite number?
True
Is 526883729 composite?
True
Is 9569267009 prime?
True
Is 616306121 prime?
False
Is 47159713 prime?
False
Is 11810979231 a composite number?
True
Is 205479959771 composite?
True
Is 114671933 a composite number?
True
Is 822566473 composite?
False
Is 17894311 a prime number?
True
Is 1013931929 prime?
True
Is 19932533981 composite?
True
Is 948171049697 prime?
True
Is 12377321333 composite?
True
Is 2427527849 a composite number?
False
Is 2745660269 a composite number?
True
Is 164513180285 a prime number?
False
Is 896756201 a prime number?
False
Is 1737161 a composite number?
False
Is 2556379769 composite?
False
Is 8091591019 a prime number?
True
Is 6357970499 a composite number?
False
Is 495794621 prime?
False
Is 47335272799 a prime number?
False
Is 11039985571 a prime number?
False
Is 19716355669 prime?
False
Is 3165558119 prime?
True
Is 857591641 a composite number?
True
Is 23359617473 a prime number?
False
Is 2355671 a prime number?
True
Is 64420591 a prime number?
True
Is 59715649319 prime?
True
Is 391038055 a composite number?
True
Is 4289152189 a composite number?
True
Is 4901714053 composite?
False
Is 15662304037 a prime number?
False
Is 147953920943 a composite number?
False
Is 10838253941 prime?
True
Is 39746821 a prime number?
False
Is 10306308113 a composite number?
True
Is 61822435 a prime number?
False
Is 1491612817 a prime number?
True
Is 2147319739 prime?
True
Is 1113008731 prime?
True
Is 3073051643 composite?
True
Is 62668751773 prime?
True
Is 10342407 a composite number?
True
Is 1032826429 composite?
True
Is 29934147427 prime?
False
Is 389219521487 composite?
True
Is 1079380105 a composite number?
True
Is 697887761 a composite number?
False
Is 1400644159 a prime number?
True
Is 26536227457 prime?
True
Is 2183475881 a prime number?
True
Is 323066581 composite?
True
Is 2374420333 a composite number?
False
Is 445952431 a composite number?
False
Is 2309399563 a composite number?
True
Is 1041632951 a prime number?
True
Is 2297251793 a composite number?
False
Is 22294069657 composite?
